 g(m) = m**3 - 6*m**2 - 14*m - 7. Determine g(8).
9
Let i(r) = 2*r**3 + 3*r**2 - 105*r + 101. Calculate i(1).
1
Let b(g) = g**3 + 4*g**2 + g + 3. What is b(-4)?
-1
Let z(s) = -s**3 + 14*s**2 + 5*s + 2. Give z(-2).
56
Let p(x) = -12*x**2 + 25*x + 48. Determine p(-2).
-50
Let g(p) = -846*p + 147212. Give g(174).
8
Let d(x) = -4*x**2 - 99*x - 648. Determine d(-14).
-46
Let f(b) = -158*b + 4280. Determine f(27).
14
Let r(c) = 11*c - 85. Calculate r(10).
25
Let v(r) = r**3 - 21*r**2 - 5*r + 4. Determine v(23).
947
Let v(k) = 6*k**2 + 503*k - 71. Determine v(-84).
13
Let i(a) = 14*a**2 - 225*a - 12. Give i(15).
-237
Let j(q) = -3*q**2 + 4*q - 7. Calculate j(6).
-91
Let q(a) = 88*a - 155. Calculate q(2).
21
Let f(r) = r**3 - 30*r + 2. What is f(6)?
38
Let i(p) = -p**3 - 102*p**2 + 321*p + 641. Determine i(-105).
11
Let h(i) = -282*i - 1883. What is h(-6)?
-191
Let t(s) = -71*s**3 + s**2 - 2*s - 2. Determine t(-1).
72
Let g(b) = 18*b - 864. Give g(47).
-18
Let p(m) = -2*m**3 + 30*m**2 + 5*m - 779. Calculate p(13).
-38
Let q(w) = w**3 - 85*w**2 + 165*w - 55. Give q(83).
-138
Let u(l) = -l**3 - 43*l**2 + 13*l - 1204. Give u(-44).
160
Let c(t) = -16*t**3 + 352*t**2. Give c(22).
0
Let b(s) = 48*s**2 - 6*s - 6. Calculate b(-4).
786
Let m(n) = -3*n**3 - 6*n**2 + 10*n - 31. Give m(5).
-506
Let g(o) = 5*o - 169. Give g(7).
-134
Let z(b) = 3*b**2 + 51*b - 259. Determine z(-21).
-7
Let a(t) = -2*t**2 - 232*t + 3358. Determine a(-129).
4
Let z(j) = 26*j - 417. Determine z(15).
-27
Let h(s) = 55*s + 70. Determine h(4).
290
Let w(s) = 21*s - 144. What is w(4)?
-60
Let j(l) = l**3 + 58*l**2 - 108*l + 731. What is j(-60)?
11
Let h(g) = g**3 - 8*g**2 + 169*g - 1623. What is h(9)?
-21
Let l(i) = -i**2 - 19*i - 82. Calculate l(-10).
8
Let g(u) = u**2 + 31*u - 45. Determine g(-33).
21
Let u(m) = 3664*m - 7323. Give u(2).
5
Let h(j) = 645*j + 74190. What is h(-115)?
15
Let i(j) = 35707*j + 178534. Calculate i(-5).
-1
Let t(u) = 5439*u - 32624. Give t(6).
10
Let t(h) = h**3 - 91*h**2 + 363*h - 1293. Determine t(87).
12
Let z(q) = -q**3 + 20*q**2 - 11*q - 233. Give z(4).
-21
Let s(v) = 40*v - 44. Determine s(0).
-44
Let p(d) = 4*d**2 + 102*d + 669. What is p(-12)?
21
Let b(v) = v**2 + 20*v + 53. Give b(-8).
-43
Let u(p) = -p - 19. Calculate u(6).
-25
Let g(y) = y**3 - 6*y**2 - 12*y + 16. Determine g(1).
-1
Let y(z) = 236*z + 703. Calculate y(-3).
-5
Let y(r) = -r**2 - 465*r - 20357. Give y(-49).
27
Let m(l) = -l**3 + 50*l**2 - 2*l - 77. What is m(50)?
-177
Let b(z) = -z**2 + 8*z + 82. What is b(14)?
-2
Let q(i) = i**3 + 88*i**2 + 1601*i - 689. Give q(-62).
-7
Let v(k) = -k**3 - 27*k**2 - 154*k - 47. Give v(-19).
-9
Let k(t) = -t**3 + 21*t**2 - 27*t - 201. Give k(19).
8
Let l(a) = -14*a**2 - 89*a + 72. Give l(-7).
9
Let n(l) = -l**3 - 8*l**2 - 12*l - 92. Give n(-7).
-57
Let d(m) = m**3 - 34*m**2 - 63*m + 2104. What is d(34)?
-38
Let i(j) = -12*j**3 - 144*j**2 - 8*j - 77. What is i(-12)?
19
Let s(l) = 18*l - 22. Give s(-24).
-454
Let x(u) = -u**2 + 42*u - 46. What is x(39)?
71
Let p(w) = w**3 + 124*w**2 + 132*w + 1029. Give p(-123).
-78
Let o(l) = 2*l**2 - 55*l - 79. Give o(32).
209
Let b(k) = -2157*k - 4. Determine b(0).
-4
Let h(g) = g**2 + 85*g - 1271. Calculate h(13).
3
Let q(w) = 298*w - 17875. Determine q(60).
5
Let p(d) = -d**3 - 16*d**2 + 743*d + 8030. Calculate p(-10).
0
Let j(d) = -30*d**2 - 19*d + 47. What is j(2)?
-111
Let k(l) = -4*l**2 - 58*l - 138. Calculate k(-12).
-18
Let a(b) = -100*b + 1309. Determine a(13).
9
Let c(a) = 6*a**2 - 6*a - 41. What is c(8)?
295
Let d(i) = -i**2 - 51*i - 319. What is d(-44)?
-11
Let g(a) = -2*a**3 + 18*a**2 + 12*a + 90. What is g(10)?
10
Let k(a) = -422*a - 1718. What is k(-4)?
-30
Let y(g) = 3451*g - 55230. Determine y(16).
-14
Let n(g) = 9*g**3 - 271*g**2 + 27*g + 97. What is n(30)?
7
Let j(r) = -5*r**2 + 688*r + 4311. Determine j(-6).
3
Let k(m) = 3*m**2 + 12*m + 6. Determine k(-3).
-3
Let l(a) = 2*a**2 - 37*a - 4. Calculate l(3).
-97
Let c(m) = -m**3 + 18*m**2 + 19*m - 194. Give c(16).
622
Let k(i) = -31*i + 1737. Give k(56).
1
Let l(o) = -31*o + 1824. What is l(59)?
-5
Let m(r) = 57*r**2 - 100*r + 48. Give m(1).
5
Let o(c) = -52*c + 395. Calculate o(-6).
707
Let i(k) = -2*k**3 - 3*k**2 - k + 82. What is i(0)?
82
Let x(b) = 3*b**3 - 389*b**2 + 253*b + 637. Give x(129).
-8
Let q(g) = g**3 + 4*g**2 + 16*g + 165. What is q(-6)?
-3
Let f(g) = -228*g**2 - 5*g + 5. Calculate f(1).
-228
Let p(u) = -25*u**2 - 8*u - 18. Calculate p(-3).
-219
Let y(v) = 8*v**3 + 80*v**2 + 2*v + 2. Calculate y(-10).
-18
Let z(w) = -29*w - 224. Determine z(-7).
-21
Let q(w) = 21*w - 136. Calculate q(9).
53
Let b(z) = z**2 + 746*z - 44048. Determine b(55).
7
Let t(u) = -u**2 + 20*u - 12. Calculate t(0).
-12
Let b(o) = 9*o**2 + 23*o - 60. Determine b(3).
90
Let b(j) = j**2 - 88*j - 15. Determine b(88).
-15
Let y(w) = -64*w - 1550. What is y(-24)?
-14
Let u(z) = -22*z**2 - 53*z - 235. Calculate u(-4).
-375
Let t(r) = -29*r**3 - 2*r**2 - 2. What is t(-2)?
222
Let r(u) = -21*u + 188. Determine r(8).
20
Let y(o) = o**2 - 222*o + 8257. What is y(47)?
32
Let c(a) = 3*a**2 - 33*a - 190. Calculate c(14).
-64
Let h(f) = 2*f**3 + 14*f**2 - 36*f - 301. Calculate h(-6).
-13
Let c(k) = k**3 - 19*k**2 - 156*k + 144. Calculate c(25).
-6
Let n(q) = q**2 - 36*q + 348. Determine n(15).
33
Let q(g) = g**2 + 44*g + 273. Give q(-8).
-15
Let h(p) = -p**2 + 50*p - 387. What is h(21)?
222
Let l(u) = 2*u**2 - 3324*u - 77499. Determine l(-23).
11
Let t(v) = 5*v**2 - 153*v + 89. Give t(30).
-1
Let f(c) = -c**3 + 11*c**2 + 131*c - 92. Determine f(18).
-2
Let b(j) = -3*j**2 + 37*j - 137. Calculate b(11).
-93
Let i(z) = -2*z**3 - 92*z**2 - 91*z + 9. Calculate i(-45).
54
Let z(s) = -10*s**2 + 1348*s + 259. Determine z(135).
-11
Let r(u) = u**3 - 7*u**2 + 8*u - 8. Determine r(4).
-24
Let m(w) = 157*w - 941. Determine m(6).
1
Let z(i) = i**3 + 2*i**2 - 58*i - 24. Determine z(0).
-24
Let q(h) = 8*h**2 - 170*h + 482. What is q(18)?
14
Let u(y) = -y**2 + 354*y + 1433. Give u(-4).
1
Let l(v) = -34*v - 1932. Determine l(-59).
74
Let d(c) = -32*c**2 - 68*c - 67. What is d(-1)?
-31
Let v(u) = -3*u**2 - 244*u - 1132. What is v(-76)?
84
Let z(n) = -2*n**2 + 29*n - 167. What is z(15)?
-182
Let t(c) = -162*c + 13765. Give t(85).
-5
Let q(v) = 50*v - 1104. Give q(22).
-4
Let p(k) = 6*k**3 - 5*k**2 + 14*k - 11. Give p(2).
45
Let z(f) = -2*f**2 - 34*f - 118. Give z(-17).
-118
Let b(o) = -o**3 - 33*o**2 - 46*o - 451. Determine b(-32).
-3
Let t(u) = u**2 + 31*u - 154. Calculate t(5).
26
Let d(w) = 10*w**2 - 12*w - 143. What is d(-4)?
65
Let m(y) = -12*y + 47. Determine m(10).
-73
Let v(f) = -f**2 - 194*f + 1163. Determine v(6).
-37
Let l(j) = -50*j - 1891. Give l(-35).
-141
Let d(c) = 7*c**3 + 50*c**2 + 5*c - 28. Give d(-7).
-14
Let p(z) = 371*z - 1854. What is p(5)?
1
Let a(r) = r**3 - 23*r**2 - 24*r + 20. Calculate a(24).
20
Let d(f) = -f**3 - 19*f**2 - 37*f - 29. Determine d(-17).
22
Let b(v) = 3*v**2 - 7*v + 20. Give b(5).
60
Let p(c) = 41*c - 2074. Calculate p(50).
-24
Let j(b) = 5*b**2 + 97*b - 56. Calculate j(-20).
4
Let u(q) = q**3 + 82*q**2 - 501*q + 2366. Give u(-88).
-10
Let j(q) = -34*q**2 - 86*q - 32. Calculate j(-2).
4
Let l(s) = -s**3 - 4*s**2 + 919. Give l(0).
919
Let g(u) = -529*u + 5. Calculate g(0).
5
Let z(v) = 12*v**3 - 2*v**2 + v + 2. What is z(3)?
311
Let z(f) = -170*f + 53. Determine z(2).
-287
Let l(q) = -803*q - 41. Give l(0).
-41
Let t(l) = -15*l**2 - 330*l - 15. Give t(-22).
-15
Let a(f) = -1717*f + 89281. What is a(52)?
-3
Let k(p) = p**3 + 225*p**2 - 689*p - 1137. What is k(-228)?
3
Let k(x) = 18*x - 182. Determine k(9).
-20
Let v(m) = -2*m**2 + 2002*m - 21793. Give v(11).
-13
Let p(j) = -703*j - 13376. Give p(-19).
-19
Let h(g) = -2*g**2 - 9*g - 12. Determine h(-5).
-17
Let k(t) = -3*t**2 - 46*t - 174. What is k(-7)?
1
Let z(a) = -2*a**3 - 16*a**2 - 4*a - 30. Give z(-8).
2
Let k(h) = 18*h**2 + 459*h + 2598. Calculate k(-17).
-3
Let n(j) = -j**2 - 16*j + 704. Calculate n(-29).
327
Let h(w) = 148*w - 3043. Give h(21).
65
Let l(d) = 603*d + 13881. Give l(-23).
12
Let n(o) = 76*o**2 - 18*o - 34. Give n(0).
-34
Let m(u) = 57*u + 410. Determine m(-7).
11
Let b(t) = -t**3 + 25*t**2 + 90*t - 56. Calculate b(28).
112
Let u(x) = 6*x**2 - 57*x + 91. Calculate u(8).
19
Let q(b) 